 and v.
10
Suppose 4*l = -3*u + 250, 0 = 7*u - 6*u + 2*l - 80. Calculate the greatest common factor of 120 and u.
30
Suppose -4*a + 2*a = -8. Suppose a*h - 66 = h. Suppose d - 7 = -2*t, -9*d + 3*t - 16 = -11*d. Calculate the greatest common factor of h and d.
11
Suppose 522 = -13*s + 16*s. Suppose c - 6*r - 24 = -2*r, -5*c = -2*r - s. What is the greatest common divisor of 54 and c?
18
Suppose 10*a = 11*a - 7. Suppose 0*z = -z + 77. What is the greatest common factor of z and a?
7
Let h(z) = -z**3 - 7. Let v be h(0). Let g(k) = k + 10. Let a be g(v). Suppose 0 = -r + 16 + a. Calculate the greatest common factor of 114 and r.
19
Let t(a) = 6*a**2 + 45*a - 22. Let p be t(9). Calculate the highest common factor of p and 11.
11
Let l = 26 + -19. Let p(u) = -u**2 + u - 1. Let q be p(l). Let s = q - -67. What is the highest common factor of 264 and s?
24
Suppose -4*s - 80 = -32. Let u(p) = -36*p + 65*p - 39*p + 15. Let r be u(s). What is the greatest common factor of r and 15?
15
Let a be -2 - (-3 + -2) - -9. Let w be 16/a*9/6. Let b be 28 - (0/(-2) + w). What is the greatest common factor of b and 26?
26
Let h = -56 - -177. Suppose 5*m + 70 = -0*m. Let n = m + 25. What is the greatest common factor of h and n?
11
Let j be (64/(-12))/(-1)*93. Calculate the highest common divisor of j and 16.
16
Let l(p) = -1777*p - 121. Let m be l(-1). Calculate the highest common factor of m and 216.
72
Let j(w) = -w**3 + 8*w**2 + 13*w + 10. Let m be j(8). Calculate the highest common factor of 30 and m.
6
Let d be (-54)/((-4)/((-4)/1)). Let z be (d*(-2)/3)/1. Calculate the greatest common divisor of 12 and z.
12
Let m be 9/6*22/3. Suppose -3*d + 3 = -3*i + 9, d - 4*i - 10 = 0. Let p be 86 + 0 - d/3. What is the highest common factor of p and m?
11
Let g(y) = -21*y**3 + y**2 + 2*y + 2. Let l be g(-1). Suppose 62 = 14*i - l. Suppose 2*k = 4*k - 12. Calculate the highest common divisor of k and i.
6
Suppose -b = 5 - 2. Let h be (2 + -7)*(-4 - b). Suppose 10*l = h*l + 40. Calculate the greatest common factor of l and 80.
8
Let i be (9 - 36)/(-1 + 0). What is the greatest common divisor of 36 and i?
9
Suppose 2*j - 652 = -3*m, -43 = m - 2*j - 255. What is the greatest common divisor of 48 and m?
24
Let m be 1*(26 - (-2 + 0)). Suppose 12*u = 18*u - 84. What is the greatest common factor of m and u?
14
Let p = -17 - -11. Let t be p/54 - (-146)/18. Calculate the greatest common divisor of t and 72.
8
Let u(i) = 2*i**2 - 11*i + 14. Let v be u(5). What is the greatest common divisor of v and 135?
9
Let w(a) = 4*a**2 + 4*a - 47. Let i be w(4). Suppose -5*b = -0*b - 1320. Calculate the greatest common divisor of b and i.
33
Let b(l) = -l**3 + 18*l**2 - l + 27. Let x be b(18). Calculate the greatest common divisor of x and 702.
9
Suppose -j + 221 = 3*l - 279, -2*l - 2*j = -340. Calculate the greatest common factor of l and 11.
11
Let o = -980 + 1049. Calculate the highest common divisor of o and 253.
23
Suppose 0 = 6*u + 4773 + 2835. Let p = u - -1938. Suppose v - 3*a = 150, a = 5*v + 2*a - p. What is the greatest common divisor of v and 15?
15
Let s = -42 + 85. Suppose 3*j - s = -1. Calculate the greatest common factor of j and 154.
14
Let k(x) = -1. Let f(b) = -b + 17. Let s(m) = f(m) + 4*k(m). Let d be s(-3). What is the highest common divisor of 4 and d?
4
Let k(q) = 2*q**3 - 3*q**2. Let p be k(2). Let s be (p/12)/(1/54). Calculate the highest common divisor of s and 2.
2
Suppose 0 = -4*v - 2*k + 924 + 140, -v - k = -268. Calculate the greatest common factor of v and 88.
88
Let l = -27 - 10. Let z = 52 + l. What is the greatest common divisor of z and 105?
15
Let t be 2/(-19) + (-4)/((-304)/3732). What is the highest common divisor of t and 14?
7
Let w(d) = d - 4 + 2*d**2 - 4*d + 0*d**2 + 9*d. Let z be w(-5). What is the highest common factor of z and 32?
16
Let b be (-990)/(-45)*15/2. Calculate the highest common divisor of b and 33.
33
Suppose n + 0*g - 3*g = 0, -3*g = 4*n - 75. Let d = -3 + n. Suppose 2*l - 2*y = -4, 0*y = -4*l - y + d. What is the highest common factor of 22 and l?
2
Let t = 5 + -2. Suppose a - t*d - 4 = 0, -a + 2*a + d = 8. Let u(l) = -l**3 + 7*l**2 - l + 9. Let v be u(a). What is the greatest common factor of 10 and v?
2
Let k(c) = c**2 + 7*c + 10. Let x be k(-3). Let a be (-1 + 2)/(x/(-78)). What is the greatest common factor of a and 26?
13
Let w be 35/(-3)*(-33)/11. Suppose w*f = 38*f - 84. What is the highest common factor of 4 and f?
4
Let v be (2 - 11)/((-1)/24). Suppose a + 2*x - 16 = 0, -3*a + 3*x - 2*x = -76. What is the greatest common divisor of v and a?
24
Let b = 28 + -10. Let g(k) = k**2 - 15*k + 2. Let x(o) = -o. Let z(y) = -g(y) + 6*x(y). Let l be z(4). What is the highest common factor of b and l?
18
Let x(u) = 6*u + u + u + 18 + 0*u. Let k be x(2). Let j(i) = 5*i**2 + 2*i + 1. Let h be j(-2). Calculate the highest common divisor of h and k.
17
Let x(y) = -15*y + 165. Let z be x(10). What is the highest common factor of 21 and z?
3
Let t be 558/5 + (-98)/(-245). Calculate the highest common factor of t and 464.
16
Let d(g) = -g**3 + 9*g**2 + 10*g + 24. Let n be d(10). Calculate the highest common divisor of 900 and n.
12
Suppose 0 = -3*x + 4*x + 112. Let k = 175 + x. Let r(u) = u**2 + 3. Let j be r(-2). Calculate the greatest common divisor of k and j.
7
Let j(l) = l**2 - 9*l - 40. Let b be j(-7). What is the highest common factor of b and 16?
8
Suppose -1 = -c + 8. Suppose 7 = c*m - 1181. Suppose 88 = 2*n + 2*n. What is the greatest common divisor of n and m?
22
Let o = 11 - 21. Let y be (-248)/o + 72/(-90). Calculate the highest common divisor of y and 12.
12
Let j be (-8)/1*5/(-2). Let z be (724/j)/((-2)/(-10)). Let g = z - 82. Calculate the highest common divisor of g and 33.
33
Let k(s) = -2*s**3 + 21*s**2 + 25*s - 109. Let c be k(11). What is the greatest common factor of 99 and c?
9
Suppose 21 = 6*z - 3. Suppose -z*l = 4*o - 36, l - o - 4*o - 9 = 0. What is the greatest common factor of 6 and l?
3
Let b = 112 - 106. Suppose -b*t - 123 = -9*t. What is the greatest common factor of t and 451?
41
Suppose -5*z + 480 = 30. Calculate the greatest common factor of z and 80.
10
Let n = -331 - -349. Let k be 0 - (-2*1 + -1). Suppose -4*x = -k*x - 36. What is the greatest common factor of n and x?
18
Let j(i) = 7*i + 345. Let y be j(-46). What is the highest common factor of y and 667?
23
Let i = 50 + -52. Let g be (-6)/(i*2/8). Calculate the greatest common factor of g and 108.
12
Suppose 62 - 194 = -4*x. Let w = -5 - -27. What is the highest common factor of x and w?
11
Suppose 321 - 11 = 2*i. What is the highest common factor of i and 5?
5
Let p be 4/6 + 488/6 + 1. Suppose -p = -2*m - 43. What is the highest common factor of 5 and m?
5
Let v = 157 + -157. Let z(s) = -9*s + 55. Let j be z(v). What is the highest common divisor of 110 and j?
55
Let w = 71 + -32. Let n = 55 - w. What is the greatest common divisor of 40 and n?
8
Suppose -4*u + 1 + 8 = -3*n, -4*u = -5*n - 7. Let k be (u - -63) + (-2)/1. Let o be 6/36 - (-285)/18. What is the highest common factor of k and o?
16
Suppose 0*s - 18 = -2*s - i, 37 = 3*s + 4*i. Let f = s - 4. Suppose 12 = f*r - r. What is the greatest common factor of r and 6?
6
Suppose -4*a + 3698 = 5*z - 320, -5*z = -5*a + 5045. Calculate the highest common factor of 19 and a.
19
Suppose -23*u + 74 = -19*u - 5*x, x = -2. What is the greatest common factor of 4 and u?
4
Let k be ((-8)/2 + 7)*(40 + -1). Calculate the highest common divisor of 156 and k.
39
Let z be (-6)/4 - (-279)/18. Let k(w) = 58*w**2 - 2*w. Let s be k(1). Calculate the highest common divisor of z and s.
14
Suppose j + 34 = -3*x, -x = -2*j - 2*j - 6. Let p = 11 + x. Calculate the highest common factor of 4 and p.
1
Let q(f) = f**2 - 2*f - 6. Let d be q(4). Suppose -5*c + 24 = z, -z - 3*z = d*c - 24. What is the greatest common factor of 44 and c?
4
Suppose 779 = 4*l - 133. What is the highest common factor of 380 and l?
76
Let b = -1916 + 1948. Let y be -5*(2 - 154/5). Calculate the greatest common factor of y and b.
16
Let k(t) = t**2 - 3*t - 37. Let y be k(8). Suppose 36 = g + y*a, 5*g + 3*a - 171 = g. What is the highest common factor of g and 18?
9
Let h be 2*8 + 16/(-12)*3. Let j be -4*7*(0 + (-3)/h). What is the greatest common fa